k + 313 = -4*k, t = k + 62. What is the greatest common divisor of 7 and t?
7
Let n be -1*9*(0 - 1). Let b = 128 - 83. Calculate the greatest common divisor of b and n.
9
Let x be 1*(-2)/(-1) - 0. Suppose -4*n - 4*y + 15 = -9*y, -14 = -x*n - 4*y. Calculate the greatest common divisor of n and 40.
5
Let v(t) be the third derivative of 7*t**5/60 - t**2. Let j be v(1). What is the highest common factor of j and 63?
7
Let i(w) be the third derivative of -w**4/12 + w**3 + 5*w**2. Let x be i(-6). Calculate the highest common divisor of x and 18.
18
Let s = -61 - -63. Let n(w) = -w**3 + 5*w**2 + 6*w + 4. Let y be n(6). Calculate the greatest common factor of y and s.
2
Let x(h) be the first derivative of -h**3/3 + 6*h**2 - 2*h - 2. Let i be x(11). Calculate the greatest common factor of 72 and i.
9
Let s = 73 + -41. Let j = 19 - 11. What is the highest common divisor of s and j?
8
Suppose 6 = 2*i, -4*b + 27 + 41 = -4*i. What is the greatest common divisor of 30 and b?
10
Suppose -2*w + 3*w - 2 = 0. Suppose 0 = 2*n - 5*y + 6, w = 3*n - 5*n + 3*y. What is the greatest common divisor of n and 10?
2
Let w = 9 + -6. Let a = 194 - 83. Suppose -2*b + 5*b = 4*l - a, -l + 44 = -4*b. What is the greatest common factor of l and w?
3
Let l be 2 + (2 + 199 - 1). Let x = -76 + l. Calculate the greatest common factor of x and 18.
18
Let v = 7 + -1. Let g be -2 - -1 - (4 - v). Let o be (-15 - 1)/(-1)*g. Calculate the highest common divisor of o and 2.
2
Suppose -4*a = 4*c - 552, 0 = 4*a + 2*c - 335 - 211. What is the highest common divisor of a and 54?
27
Let r = 38 + -7. Calculate the greatest common divisor of r and 279.
31
Suppose 44 = -33*d + 34*d. What is the highest common divisor of d and 396?
44
Let d = -6 + 8. Suppose -27 + 189 = -3*b - d*o, -4*o - 116 = 2*b. Let p = b - -103. What is the greatest common divisor of 34 and p?
17
Let q(s) = -s - 6. Let v be q(-10). What is the highest common divisor of 20 and v?
4
Suppose -2*i - 5*y = -i - 7, -i - 2*y + 13 = 0. Suppose 0 = m + 5*u - 27, 5*m - 99 = -2*u - 10. Calculate the greatest common factor of m and i.
17
Suppose q + 119 - 835 = -4*u, u - 172 = -2*q. Suppose 2*z - 4*w = u, -2*z + w + w + 190 = 0. Calculate the highest common divisor of z and 10.
10
Suppose 7 = 2*b - 3, 4*i - 3*b = 41. Let q(w) = 2*w - 8. Let g be q(6). Suppose g*t = -z + 82, 2*t + z + z = 38. What is the highest common divisor of t and i?
7
Let r(z) = 26*z**2 - 1. Let b be 8/(-5) + 18/30. Let l be r(b). Let x = l - -74. Calculate the highest common divisor of 11 and x.
11
Suppose 5*u - 24 = 3*u. Let j be (2*1)/(8/u). Suppose 2*g - b + j*b - 28 = 0, -4*g - 3*b = -54. What is the highest common factor of 6 and g?
6
Let t = -3 - -11. Suppose 0 = 4*z - t*z + 28. Suppose 3*r + 5*i - 49 = 2*r, 3*r = -5*i + 147. Calculate the highest common factor of r and z.
7
Suppose -9*k + 534 = -6. What is the greatest common divisor of k and 20?
20
Let g = -49 + 105. Calculate the greatest common divisor of g and 280.
56
Suppose 4*v - 76 = -16. Let s(n) = -n**3 + 5*n**2 + 9*n - 3. Let q = -13 + 19. Let a be s(q). Calculate the greatest common divisor of a and v.
15
Suppose 0*b + 78 = 3*b. What is the greatest common divisor of b and 39?
13
Suppose 5*u = 6*u - 12. Calculate the highest common factor of 228 and u.
12
Let g = -4 + 8. Suppose -x + 3 = g*y - 2*y, 4*y = -20. Let c(o) = -11*o + 3. Let r be c(-8). Calculate the greatest common factor of r and x.
13
Suppose 0*v = 5*k + 2*v - 210, -2*k + 78 = 2*v. Suppose 3*w - w = k. Calculate the greatest common factor of w and 11.
11
Let k be (21/9*-1)/(5/(-15)). Suppose -v + 5*v = 0. Suppose 3*o - 3 + 0 = v. What is the highest common factor of k and o?
1
Suppose 2*l - 17 = l. What is the greatest common divisor of 136 and l?
17
Let v = 37 + -19. What is the greatest common divisor of v and 198?
18
Let m be (-3 + 1)*(1 + -2). Let a = -7 + 14. Suppose -m*k + 3*n + 22 = a*n, n + 110 = 5*k. Calculate the greatest common factor of 14 and k.
7
Let h be 15 - -4*(-2)/(-4). Let t = 14 - 9. Suppose -2*s - 3*s = 5*l - 745, -t*s - 173 = -l. Calculate the highest common divisor of l and h.
17
Suppose 362 = 3*y + 2*f, -3*y - 13 + 372 = -f. Suppose -h = -5*h + y. Suppose 4*o = -2*b + 11 + 17, -b = -o - 8. Calculate the highest common factor of h and b.
10
Suppose 5*w = 254 + 156. Suppose 0 = 4*o - 4*v + 56, -o - w = 2*o + 5*v. Let p = o + 27. What is the highest common divisor of p and 8?
8
Let q = 30 - 22. Calculate the greatest common factor of 32 and q.
8
Let n be (0 - -52)*(-3)/(-4). Let y be (-4)/6 - (-154)/6. Let p = n - y. Calculate the greatest common factor of p and 35.
7
Let b(j) = -3*j. Let t be b(-3). Suppose 8*n - t*n = -54. Suppose -n = -0*w - 2*w. Calculate the highest common divisor of w and 9.
9
Let j(g) = -g**2 - 8*g + 5. Let y be 1/(3/6) + -10. Let l be j(y). Suppose -d + 5 = -4*s, -s = l*d + s - 47. Calculate the highest common divisor of d and 9.
9
Let g(i) = i**2 - 3*i + 6. Let h(n) = n**3 + 5*n**2 + 4*n + 4. Let b be h(-4). Let q be g(b). What is the greatest common divisor of 90 and q?
10
Suppose 0 = 5*p - 15*p + 310. Calculate the highest common divisor of 124 and p.
31
Suppose -3*y + 2*l = -146, -2*l - 5 = -3*l. Suppose 3*i + m - 6*m = 21, i - 7 = -m. Let s be 2/i - (-445)/35. Calculate the highest common factor of s and y.
13
Suppose 0 = -4*j - 3*c + 69, -2*j = -5*c - 16 - 25. What is the highest common divisor of j and 90?
18
Suppose -8*x = -26*x + 1134. What is the greatest common divisor of 27 and x?
9
Let z(h) = -h**3 + 8*h**2 + 3*h + 21. Let x be z(8). What is the highest common factor of 45 and x?
45
Let p be 4 - (-2 - (-6)/2). Let o be ((-8)/p)/((-10)/165). Calculate the greatest common divisor of 4 and o.
4
Suppose 0 = 4*g - 0*g - 112. What is the highest common divisor of g and 140?
28
Suppose -3*z - 2*q + 42 = 2*z, 5*z - 38 = -3*q. Let p = -2 + z. Let l = -204 - -228. What is the greatest common divisor of p and l?
8
Suppose -69 = -3*j - n - 2*n, 2*n + 32 = j. Suppose 3*d - 2*m - j = 8, -4 = -m. Suppose -5 - 3 = -4*s. Calculate the greatest common divisor of d and s.
2
Let r be 25 + (3 - (-4)/(-12)*0). Calculate the greatest common divisor of r and 252.
28
Let i be (-429)/(-66) - (-2)/(-4). Suppose -5*s - 4*h + 32 = -3*h, 0 = -3*s - 5*h + 28. What is the greatest common divisor of i and s?
6
Let v(l) = -27*l + 8. Let m be v(-2). Calculate the highest common divisor of 155 and m.
31
Let u = -25 - -67. Suppose -126 = -3*l + u. Calculate the highest common factor of l and 7.
7
Let y(v) be the second derivative of v**4/4 + 7*v**3/6 - 5*v**2 - 3*v. Let d be y(-7). Calculate the greatest common divisor of d and 11.
11
Let l(g) = g + 136 + 113 - 73. Let d be l(0). Let v = -55 + d. Calculate the highest common divisor of 11 and v.
11
Suppose 3*a - 48 = 90. Let m = -133 + 248. What is the greatest common divisor of m and a?
23
Let g be 2880/140 + 4/(-7). Calculate the greatest common divisor of g and 160.
20
Let a(y) = -y**3 - 11*y**2 - y - 11. Let w be a(-11). Suppose w*q + q - 80 = 0. What is the greatest common factor of 32 and q?
16
Suppose -3 - 3 = -4*y - 5*w, -2*y - 3*w + 4 = 0. Let v be (0 + y)*(-1 - 2). Suppose -22 - 8 = -v*m. Calculate the highest common divisor of 4 and m.
2
Let j(i) = 47*i**2 - 3. Let l be j(3). Suppose l = x + 2*x. Calculate the highest common factor of 20 and x.
20
Suppose -d - u = -2*u - 33, -3*d = -4*u - 99. Calculate the greatest common factor of d and 11.
11
Let v be (-2)/4 + 69/6. What is the highest common divisor of v and 55?
11
Let m be (-986)/(-8) + (-1)/4. Let b = -71 + m. Calculate the greatest common factor of b and 13.
13
Suppose -5*b = -b - 896. Suppose b = 5*u - u. Calculate the greatest common factor of 14 and u.
14
Let y(u) = -7*u + 3. Let w be y(4). Let a = w - -157. What is the greatest common divisor of 12 and a?
12
Let f be (-15)/9*-3 - -4. Suppose 5*l - f*l = -96. Calculate the highest common factor of 96 and l.
24
Let q(u) = -3*u + 35. Let f be q(8). What is the highest common factor of f and 77?
11
Let a = 21 + -11. Let q be (-18)/(-30) + 14/a. Let x be 85/q + (-5)/10. What is the greatest common factor of x and 21?
21
Suppose 96 = 4*a + 3*x, 4*a - 3*x + 4*x - 104 = 0. Calculate the greatest common divisor of a and 135.
27
Let i(q) = -q**2 +